te the remainder when 1620 is divided by 28.
24
Calculate the remainder when 3171 is divided by 126.
21
Calculate the remainder when 644 is divided by 162.
158
What is the remainder when 224 is divided by 15?
14
What is the remainder when 5045 is divided by 9?
5
What is the remainder when 357 is divided by 30?
27
Calculate the remainder when 64 is divided by 33.
31
What is the remainder when 1526 is divided by 504?
14
What is the remainder when 412 is divided by 95?
32
Calculate the remainder when 1248 is divided by 15.
3
What is the remainder when 594 is divided by 46?
42
What is the remainder when 914 is divided by 45?
14
Calculate the remainder when 359 is divided by 73.
67
What is the remainder when 41 is divided by 24?
17
Calculate the remainder when 255 is divided by 93.
69
What is the remainder when 49 is divided by 25?
24
Calculate the remainder when 1183 is divided by 57.
43
Calculate the remainder when 1152 is divided by 33.
30
What is the remainder when 407 is divided by 24?
23
What is the remainder when 332 is divided by 87?
71
Calculate the remainder when 416 is divided by 68.
8
What is the remainder when 322 is divided by 191?
131
What is the remainder when 41 is divided by 2?
1
Calculate the remainder when 253 is divided by 86.
81
What is the remainder when 1208 is divided by 35?
18
What is the remainder when 11804 is divided by 49?
44
What is the remainder when 570 is divided by 77?
31
Calculate the remainder when 3471 is divided by 56.
55
Calculate the remainder when 129 is divided by 16.
1
Calculate the remainder when 7621 is divided by 74.
73
What is the remainder when 262 is divided by 56?
38
Calculate the remainder when 452 is divided by 157.
138
What is the remainder when 2873 is divided by 27?
11
What is the remainder when 3568 is divided by 15?
13
What is the remainder when 402 is divided by 93?
30
What is the remainder when 38 is divided by 28?
10
What is the remainder when 793 is divided by 192?
25
What is the remainder when 525 is divided by 88?
85
What is the remainder when 1987 is divided by 10?
7
Calculate the remainder when 197 is divided by 74.
49
What is the remainder when 224 is divided by 29?
21
What is the remainder when 683 is divided by 35?
18
What is the remainder when 401 is divided by 92?
33
What is the remainder when 2228 is divided by 62?
58
Calculate the remainder when 1829 is divided by 61.
60
What is the remainder when 220 is divided by 26?
12
Calculate the remainder when 142 is divided by 16.
14
Calculate the remainder when 92 is divided by 31.
30
Calculate the remainder when 285 is divided by 94.
3
What is the remainder when 96 is divided by 9?
6
What is the remainder when 1911 is divided by 66?
63
Calculate the remainder when 29 is divided by 9.
2
Calculate the remainder when 478 is divided by 100.
78
Calculate the remainder when 47 is divided by 31.
16
Calculate the remainder when 348 is divided by 13.
10
What is the remainder when 254 is divided by 133?
121
Calculate the remainder when 2890 is divided by 1437.
16
What is the remainder when 564 is divided by 27?
24
Calculate the remainder when 196 is divided by 18.
16
What is the remainder when 1038 is divided by 40?
38
Calculate the remainder when 195 is divided by 80.
35
Calculate the remainder when 226 is divided by 107.
12
Calculate the remainder when 107 is divided by 86.
21
What is the remainder when 136 is divided by 71?
65
What is the remainder when 1625 is divided by 74?
71
What is the remainder when 1151 is divided by 18?
17
What is the remainder when 191 is divided by 66?
59
What is the remainder when 2728 is divided by 70?
68
Calculate the remainder when 8338 is divided by 20.
18
What is the remainder when 55 is divided by 22?
11
Calculate the remainder when 1048 is divided by 74.
12
What is the remainder when 1427 is divided by 28?
27
What is the remainder when 4696 is divided by 72?
16
Calculate the remainder when 13108 is divided by 79.
73
What is the remainder when 279 is divided by 2?
1
Calculate the remainder when 293 is divided by 96.
5
Calculate the remainder when 135 is divided by 20.
15
What is the remainder when 5114 is divided by 1701?
11
What is the remainder when 571 is divided by 7?
4
Calculate the remainder when 41 is divided by 30.
11
Calculate the remainder when 235 is divided by 26.
1
Calculate the remainder when 51 is divided by 15.
6
What is the remainder when 1481 is divided by 135?
131
Calculate the remainder when 102 is divided by 27.
21
What is the remainder when 1188 is divided by 73?
20
Calculate the remainder when 209 is divided by 131.
78
What is the remainder when 457 is divided by 115?
112
What is the remainder when 183 is divided by 46?
45
What is the remainder when 24 is divided by 8?
0
Calculate the remainder when 1517 is divided by 304.
301
Calculate the remainder when 1886 is divided by 11.
5
What is the remainder when 822 is divided by 820?
2
Calculate the remainder when 98 is divided by 1.
0
Calculate the remainder when 530 is divided by 115.
70
What is the remainder when 326 is divided by 16?
6
What is the remainder when 1234 is divided by 19?
18
Calculate the remainder when 53 is divided by 21.
11
Calculate the remainder when 816 is divided by 87.
33
Calculate the remainder when 59 is divided by 13.
7
What is the remainder when 10371 is divided by 13?
10
Calculate the remainder when 213 is divided by 71.
0
What is the remainder when 350 is divided by 71?
66
Calculate the remainder when 226 is divided by 189.
37
What is the remainder when 46 is divided by 37?
9
What is the remainder when 1201 is divided by 324?
229
What is the remainder when 7700 is divided by 164?
156
Calculate the remainder when 89 is divided by 5.
4
What is the remainder when 140 is divided by 29?
24
What is the remainder when 45 is divided by 24?
21
What is the remainder when 243 is divided by 32?
19
Calculate the remainder when 1386 is divided by 73.
72
What is the remainder when 4155 is divided by 54?
51
Calculate the remainder when 139 is divided by 24.
19
Calculate the remainder when 63 is divided by 17.
12
Calculate the remainder when 194 is divided by 28.
26
What is the remainder when 1480 is divided by 485?
25
Calculate the remainder when 149 is divided by 5.
4
What is the remainder when 173 is divided by 84?
5
Calculate the remainder when 1090 is divided by 52.
50
What is the remainder when 1143 is divided by 78?
51
Calculate the remainder when 928 is divided by 917.
11
Calculate the remainder when 3529 is divided by 47.
4
Calculate the remainder when 535 is divided by 136.
127
Calculate the remainder when 65 is divided by 9.
2
What is the remainder when 124 is divided by 27?
16
Calculate the remainder when 3703 is divided by 4.
3
Calculate the remainder when 15597 is divided by 150.
147
What is the remainder when 746 is divided by 223?
77
Calculate the remainder when 11 is divided by 7.
4
What is the remainder when 4600 is divided by 55?
35
What is the remainder when 263 is divided by 26?
3
Calculate the remainder when 508 is divided by 30.
28
What is the remainder when 316 is divided by 20?
16
Calculate the remainder when 214 is divided by 4.
2
Calculate the remainder when 25 is divided by 10.
5
Calculate the remainder when 77 is divided by 39.
38
What is the remainder when 464 is divided by 152?
8
Calculate the remainder when 97 is divided by 19.
2
Calculate the remainder when 2209 is divided by 312.
25
Calculate the remainder when 180 is divided by 34.
10
Calculate the remainder when 1206 is divided by 22.
18
Calculate the remainder when 108 is divided by 32.
12
What is the remainder when 397 is divided by 40?
37
Calculate the remainder when 205 is divided by 9.
7
Calculate the remainder when 6587 is divided by 16.
11
Calculate the remainder when 149 is divided by 22.
17
What is the remainder when 1305 is divided by 130?
5
Calculate the remainder when 1100 is divided by 44.
0
Calculate the remainder when 298 is divided by 10.
8
What is the remainder when 165 is divided by 20?
5
Calculate the remainder when 186 is divided by 56.
18
What is the remainder when 52 is divided by 11?
8
What is the remainder when 2330 is divided by 7?
6
Calculate the remainder when 127 is divided by 65.
62
What is the remainder wh